et b(p) = -p**2 - 5 + 3*p**2 + 9*p**2 + 5*p. Let i(q) = l*v(q) - 3*b(q). What is i(1)?
-3
Let p(w) = w**3 + 7*w**2 - 5*w - 10. Let k be p(-7). Let c(r) = 26*r**2 - k*r**2 - 3*r - 2 - r + r. Let l be 51/12 - (-1)/(-4). Determine c(l).
2
Let l(h) = -6*h**3 - 15*h**2 + 3*h - 2. Let v(s) = s**3 + 2*s**2 - s + 1. Let f(b) = -l(b) - 7*v(b). Determine f(2).
-1
Let w(l) = 2*l + 0*l + 13*l. Give w(-2).
-30
Let l(w) be the first derivative of w**2/2 + 8*w + 128. Calculate l(0).
8
Let y(p) = -17*p**2 + 5*p - 2. Let w(z) = -z**2 + 11*z + 31. Let g be w(14). Let s(j) = -6*j**2 + 2*j - 1. Let n(h) = g*s(h) + 4*y(h). What is n(-3)?
-9
Let b(g) = 21*g - 52*g + 5 + 33*g. Give b(10).
25
Let d(h) = -2*h**2 + h + 2. Let f(n) = -n**2 + 4*n - 5. Let x be (-5)/30*-2*9. Let t be f(x). Calculate d(t).
-8
Let c(r) = r**2 - 16*r + 22. Let u be c(15). Suppose u*d = 16 - 44. Let k(z) = z**3 + 4*z**2 + z + 1. What is k(d)?
-3
Let a = -485 + 476. Let v(m) = m**2 + 12*m + 13. Determine v(a).
-14
Let j(x) = 6 + 2437*x**2 + 1 + 5*x - 2436*x**2. Determine j(-5).
7
Suppose 5*x - 3*d = d - 19, 0 = -x - 5*d + 2. Let v(u) = -u**2 - 4*u - 3. Let l be v(x). Let p(a) = -a + 21. Calculate p(l).
21
Let v(r) = r**2 - 74 + r**2 + 72 + 2*r**3 - 3*r**2. Calculate v(-2).
-22
Let h(g) = 6*g + 8. Let a(p) = -p. Let s(x) = -3*a(x) - h(x). Let v = 370 + -376. Give s(v).
10
Let s(r) be the third derivative of 10*r**2 + 0*r + 1/6*r**3 - 1/24*r**4 + 0. Determine s(-6).
7
Let i = 141 - 141. Let h(a) be the first derivative of 1/2*a**2 - 4 - 10/3*a**3 + i*a. What is h(-1)?
-11
Suppose 0 = 177*n - 168*n + 99. Let j(b) = b**3 + 11*b**2 + b + 3. Give j(n).
-8
Let g(i) = -i**3 + 11*i**2 - 10*i - 5. Suppose 73 = 10*y - 27. Determine g(y).
-5
Let p(k) = k. Let d(v) = -2*v**3 - 1. Let u be d(-1). Let c be -2*(3 + u)/(-4). Suppose i - 3 = c*g - 2, 5*i + 19 = -2*g. Calculate p(i).
-3
Let o(k) = 2*k**2 + 3*k. Let r be o(-2). Let j(d) = -1 + 12*d**r - 10*d**2 + 4 + 2*d. Calculate j(-2).
7
Let s = -256 - -259. Let h(u) = -u - 2 + 6 + 0. Let d be h(s). Let c(j) = 16*j**3 - 2*j + 1. Give c(d).
15
Let w(v) = v**3 - 5*v**2 + 4*v - 17. Let f be w(5). Let j(h) = -3*h + 7. Let k be j(f). Let b(i) = i**3 + 0 - 3*i**2 - 2*i + 0 - 1. Give b(k).
-17
Let p(d) = 0 - d + 17 - 6. Let l(v) = 2*v**2 + 10*v - 4. Let s be l(-6). What is p(s)?
3
Let k(w) be the first derivative of 4*w**3/3 - w**2/2 - 2*w + 440. Determine k(-1).
3
Let t(o) be the second derivative of -o**5/20 - 7*o**4/12 + 10*o + 7. What is t(-7)?
0
Let j(t) be the second derivative of -t**5/20 + 5*t**4/12 - t**3/3 - 3*t**2/2 - 42*t. Let l = 1 - 1. Suppose 5*i + 2*k - 12 = -0*k, l = -k - 4. Calculate j(i).
5
Let o(y) = -y**3 + 12*y**2 + 13*y - 5. Suppose c - 5*c = -52. Let g be o(c). Let d(l) = -l - 6. Give d(g).
-1
Let r(x) = -6*x - 2 + 0*x**3 + x**3 - 3 - 6*x**2. Let d be r(7). Let s(y) = 4*y + y**d + 2 + 2 - 1. Calculate s(-2).
-1
Let c = -39 - -41. Let a(m) = c*m + 33 - 15 - 6. Calculate a(-9).
-6
Suppose 0 = -q - 2*z + 1, -8*z + 3*z + 5 = 0. Let k = 0 + q. Let x(l) = -l**3 - 3*l**2 - 8*l + 3. Let w(o) = o**2 + o. Let v(u) = k*x(u) - 6*w(u). What is v(3)?
3
Let f(v) = 0 + 120*v + 0 - 119*v. Let k(l) = l**2 + 4*l. Let n(h) = -f(h) - k(h). Suppose 0 = 3*o - 4*o - 5. What is n(o)?
0
Let p(c) = -14*c**3 + 86*c**2 - 81*c - 64. Let u(o) = -3*o**3 + 21*o**2 - 20*o - 16. Let j(g) = 2*p(g) - 9*u(g). Calculate j(-18).
16
Let k(s) = -4*s + 39. Let r be k(13). Let y(v) = -2*v - 29. What is y(r)?
-3
Let t be (0/1)/(-8 + 12). Suppose 2 = d - t. Let w(x) = 3 + x**d + 16*x - 2*x**2 - 9*x. Give w(7).
3
Suppose -3*s + 4*q = 29, -6*s + 1 = -3*s + 2*q. Let d(a) = -a**3 + 7*a**2 - 6*a + 2. Let u be d(6). Let w(j) = -2*j + 1 + j + u*j. What is w(s)?
-2
Let q(z) be the first derivative of -z**3/3 - 7*z**2/2 + 9*z - 142. Determine q(-6).
15
Suppose 2*b + 14 = -5*j + 64, 2*b + 30 = 5*j. Let c be 4/((-9)/(6435/(-10))). Let w(k) = c*k**2 - 3 + 2*k + k**3 + 4 - 294*k**2 - k. Give w(j).
9
Suppose 5*o - i = 13, -5*o + 2*i + 7 = 3*i. Let l(z) = -3 + z**3 - 2*z**3 + 4*z + 0*z**3 - 3*z**2 + o*z**2. Determine l(2).
-7
Let p(v) = v - 8. Suppose -4*d - 10 = 2*z, 4*z = -3*d - z - 25. Determine p(d).
-8
Let q(j) = 2*j + 6. Let w be q(-5). Let v = 31 + -29. Let z(o) = 0 - o + 1 + 4 - o**v. Give z(w).
-7
Let g(v) = -v**3 + 8*v**2 + 21*v - 3. Let r be g(10). Let l(u) = r - 16*u**2 - 9*u - 24*u**2 + 41*u**2. Determine l(6).
-11
Suppose 20 = -5*t - 8*j + 9*j, -4*t - 2*j = 16. Let v(a) = a**3 + 6*a**2 + 3*a + 1. Calculate v(t).
21
Suppose j + 4*j - 20 = 0. Suppose -l - j*g + 7 = -0*g, -4*g = -3*l - 11. Let s(d) = -12*d**2 + 108 + 106 - 214. Give s(l).
-12
Let a(g) = 2*g**2 + 8. Let f(u) be the first derivative of u**3/3 + u**2/2 + u + 3. Suppose 11*i = 9*i + 2. Let q(w) = i*a(w) - 3*f(w). Determine q(-4).
1
Let a = -8 - -12. Let t(c) = -7*c + 0*c - a*c + 4*c. Let b(v) = 6*v + 1. Let k(q) = 4*b(q) + 3*t(q). What is k(-5)?
-11
Let j be ((-2)/(-4))/(1/10). Let d(r) = r**3 + 7*r**2 + 2*r - 7. Let m be d(-6). Let a(x) = -m*x - 4*x**2 + 19*x + 3 + x**3 - 9*x + 0*x**2. Calculate a(j).
-7
Let m(a) = 10*a**2 + a. Let k(q) = -q**3 - 4*q**2 - 3*q - 11. Let d be k(-4). Give m(d).
11
Let y(a) be the second derivative of a**4/6 + 3*a**3 - 9*a**2/2 + 2*a - 10. Give y(-10).
11
Let p(r) = -2*r. Suppose -216*j + 20 = -220*j. Give p(j).
10
Let a(v) be the second derivative of 8*v + 2*v**2 + 1/12*v**4 + 0 + 2/3*v**3. Let l(j) = j**3 - 4*j**2 - j. Let g be l(4). Calculate a(g).
4
Let n(y) = -2*y - 13. Let p be n(-8). Let f(t) = 2*t**3 - 4*t**2 + 1. What is f(p)?
19
Let x be 8/3 + 2/6. Suppose -5*j - 4*n = -x*j, 2*j + 2 = -2*n. Let w be (0 + 1)/(j/(-8)). Let q(h) = h**3 - 3*h**2 - 3*h + 1. Calculate q(w).
5
Let l(z) = 2*z - 3*z + 7*z - 5*z + 2. Suppose 5*b + 35 = -4*p + 3*p, 0 = -3*b + 2*p - 8. What is l(b)?
-4
Let v(n) be the first derivative of -n**4/4 + n**3/3 - n**2/2 - n - 256. Give v(2).
-7
Let z = 34 - 29. Suppose 4*b + 23 = -z*p, -3*b - 4*p + p = 15. Let j be (3 - 2)*(-8 - b). Let g(x) = -x - 5. Determine g(j).
1
Let n be 2 + -2 - (0 + -4 + 2). Let s(i) be the first derivative of -9*i - 2 - 1/2*i**n. Calculate s(-7).
-2
Let p(j) = 4*j**3 + j - 5*j**3 + 4*j**3 - 4*j**3. Suppose -k - 5*f + 25 = -2*k, 5 = k + 5*f. Let w = 10 + k. Determine p(w).
0
Let a(s) = -7*s**2 + 5*s - 5. Suppose -51*w + 54*w - 17 = -2*r, 5*r - 3*w + 10 = 0. Determine a(r).
-7
Suppose -32 = -3*h + 13. Suppose 5*w + h = -75. Let p = w - -21. Let y(n) = -3*n + 4. Calculate y(p).
-5
Let s(w) = -3*w - 13. Let l(d) = 5*d + 4. Let z be l(0). Let f(x) = 2*x + 12. Let u(j) = z*s(j) + 5*f(j). Give u(7).
-6
Let a(c) = -c**2 + 3*c + 1. Let s(i) = i + 1. Let v(b) = a(b) - 3*s(b). Let h(r) = 2*r**3 - 4*r**2 - 2*r - 14. Let t(w) = h(w) - 6*v(w). What is t(-2)?
-6
Let u(p) = -36*p - 187. Let y be u(-5). Let c(f) = -f**2 - 4*f + 5. What is c(y)?
-16
Let i(p) be the third derivative of -p**4/24 + p**3/6 + 39*p**2. Calculate i(-4).
5
Let m(t) = t**3 - 5*t**2 - 5*t + 2. Let c be m(6). Let x(s) = 12 - 7*s**2 + 217*s - 75*s - 76*s + s**3 - 74*s. What is x(c)?
12
Suppose -7 = 2*t + 3*d, t + 2*d = -0*d - 3. Let l(m) = -6*m - 2 + 0 - 1 - 354*m**2 + 353*m**2. Determine l(t).
2
Let q(h) = h**2 - 1. Suppose -12*y = -14*y + 38. Suppose 6*a - 4*k = 3*a - y, -3*a = 4*k - 13. Determine q(a).
0
Let s(j) = -2*j**2 + 16. Let o(k) = k**2 - 9. Let n(q) = 7*o(q) + 3*s(q). Calculate n(0).
-15
Let i(z) = -z + 3. Let k(t) = -t**2 + 23*t - 37. Let d be k(21). Determine i(d).
-2
Let z(b) = -b**3 + 28*b**2 + 5*b - 15. Let y be z(28). Let x = y - 132. Let p(t) = t - 8. Calculate p(x).
-15
Let m(j) = -j**3 + 7*j**2 + 3*j - 18. Let n be m(7). Let d(v) = -13 + n - 4*v + v + 2*v. Determine d(-7).
-3
Let b be -7*4/6*3. Let z = b + 16. Let o(f) = -2 + z + 4 + 2*f. What is o(-4)?
-4
Let s be (-6)/9 + 25/15. Let a(g) = -156*g - 1 + 164*g + s. Give a(-1).
-8
Let t(l) = 23*l**3 + 14*l**2 - 9*l + 3. Let p(a) = -15*a**3 - 13*a**2 + 9*a - 2. Let w(h) = 3*p(h) + 2*t(h). What is w(10)?
-10
Let z(v) = 7*v**3 + 7*v**2 + 6*v + 2. Let x(f) = -15*f**3 - 15*f**2 - 13*f - 3. Let y(g) = 6*x(g) + 13*z(g). Let r be (-4)/(-22) + 4/(-22). What is y(r)?
8
Let s(o) = 4*o + 0*o + 20*o - 18*o - 10. Give s(3).
8
Let u(v) = 3*v + 1. Let p(j) = -3*j - 1. Suppose -32 = -2*b - 6*b. Let k(q) = b*p(q) + 3*u(q). What is k(5)?
